{"id":781,"date":"2013-07-31T19:57:11","date_gmt":"2013-07-31T19:57:11","guid":{"rendered":"http:\/\/www.laencamisa.es\/inicio\/?page_id=781"},"modified":"2013-10-03T22:53:48","modified_gmt":"2013-10-03T22:53:48","slug":"caza-y-pesca","status":"publish","type":"page","link":"https:\/\/www.laencamisa.es\/inicio\/navalvillar-de-pela\/caza-y-pesca\/","title":{"rendered":"Caza y Pesca"},"content":{"rendered":"<h3>NAVALVILLAR DE PELA: PARADA IMPRESCINDIBLE PARA EL PESCADOR<\/h3>\n<p>Navalvillar de Pela est\u00e1 rodeada por ocho pantanos (Garc\u00eda Sola, La Serena, Orellana, Sierra Brava, Z\u00fajar, Ruecas, Garg\u00e1ligas y Cubilar), el m\u00e1s lejano situado a unos treinta kil\u00f3metros, con caracter\u00edsticas muy diferentes en lo que a pesca se refiere.<\/p>\n<p>As\u00ed pues, esta poblaci\u00f3n est\u00e1 en un inmejorable lugar estrat\u00e9gico para practicar el bello deporte de la pesca en cualquiera de sus m\u00faltiples modalidades, tanto con embarcaci\u00f3n como desde la orilla, pesca de surf-casting, coup, inglesa, curric\u00e1n, cola de rata, etc, si bien es la pesca del black-bass, lucio y cipr\u00ednidos la m\u00e1s practicada en sus aguas.<br \/>\nAlgunos de los embalses mencionados est\u00e1n considerados, por los profesionales de la pesca, como los mejores de Espa\u00f1a por la cantidad y calidad de los trofeos en las capturas. Las especies de m\u00e1s inter\u00e9s por su gran tama\u00f1o son el black-bass (pueden alcanzar los cuatro kilos), lucio (18 kg.), barbo (14kg.) y carpa (23 kg.); en cuanto a su cantidad, destacan las bogas, pardillas, cachuelos \u2026<br \/>\nEl paraje denominado Cogolludo (del pantano de Orellana) es el mejor lugar, sin duda, para la pesca de grandes trofeos como el lucio, black-bass, barbos y carpas royales y comunes.<br \/>\nPor todo esto, Navalvillar de Pela es un lugar privilegiado para el pescador, adem\u00e1s de que cuenta con una buena infraestructura para el turista: dos hoteles y un hostal.<\/p>\n<h2>CAZA Y TIRO DEPORTIVO<\/h2>\n<p>Navalvillar de Pela cuenta con dieciocho cotos de caza: tres locales, nueve deportivos y seis privados. La diversidad de cultivos (de regad\u00edo, de olivar, cereal, frutales\u2026), la existencia de tierras de dehesa, monte y encinares conforman un lugar muy adecuado para la caza de casi todas las especies cineg\u00e9ticas de la regi\u00f3n extreme\u00f1a: en caza mayor, el jabal\u00ed y el arrui; en caza menor, destacada es la bravura de la preciada perdiz roja, la abundancia de liebres y zorzales, t\u00f3rtolas, palomas, codornices y \u00e1nades entre las migratorias, as\u00ed como la recuperaci\u00f3n del escurridizo conejo.<br \/>\nLas modalidades m\u00e1s practicadas en punto fijo son las de zorzales, t\u00f3rtolas y palomas; en cuanto a la caza al salto, las de perdiz, liebre y conejo y las batidas de jabal\u00edes.<br \/>\nEn los \u00faltimos a\u00f1os se ha incrementado el turismo cineg\u00e9tico, acogido en los cotos privados del municipio; es destacable la afici\u00f3n de italianos, franceses y portugueses, adem\u00e1s de cazadores nacionales, a la caza del zorzal.<br \/>\nEspecialmente activa es la Sociedad Deportiva Local de Cazadores \u201cSan Ant\u00f3n Abad\u201d, que dispone de 9.500<br \/>\nhect\u00e1reas. Este coto consta de un campo permanente de entrenamiento de perros, reservas de caza (unas 1.000 hect\u00e1reas), campo de tiro al plato, zonas de caza con galgos y cr\u00eda de conejos. El esfuerzo de los socios est\u00e1 consiguiendo la recuperaci\u00f3n de la perdiz roja y el conejo de monte a base de repoblaciones, majanos, comederos y bebederos artificiales y el establecimiento de la caza selectiva de zorros y c\u00f3rvidos. Est\u00e1 en construcci\u00f3n un campo para compack sporting, recorrido de caza y tiro de codorniz.<\/p>\n","protected":false},"excerpt":{"rendered":"<p>NAVALVILLAR DE PELA: PARADA IMPRESCINDIBLE PARA EL PESCADOR Navalvillar de Pela est\u00e1 rodeada por ocho pantanos (Garc\u00eda Sola, La Serena, Orellana, Sierra Brava, Z\u00fajar, Ruecas, Garg\u00e1ligas y Cubilar), el m\u00e1s lejano situado a unos treinta kil\u00f3metros, con caracter\u00edsticas muy diferentes <span class=\"excerpt-dots\">&hellip;<\/span> <a class=\"more-link\" href=\"https:\/\/www.laencamisa.es\/inicio\/navalvillar-de-pela\/caza-y-pesca\/\"><span class=\"more-msg\">Sigue leyendo &rarr;<\/span><\/a><\/p>\n","protected":false},"author":1,"featured_media":0,"parent":346,"menu_order":0,"comment_status":"closed","ping_status":"closed","template":"","meta":{"ngg_post_thumbnail":0,"_links_to":"","_links_to_target":""},"_links":{"self":[{"href":"https:\/\/www.laencamisa.es\/inicio\/wp-json\/wp\/v2\/pages\/781"}],"collection":[{"href":"https:\/\/www.laencamisa.es\/inicio\/wp-json\/wp\/v2\/pages"}],"about":[{"href":"https:\/\/www.laencamisa.es\/inicio\/wp-json\/wp\/v2\/types\/page"}],"author":[{"embeddable":true,"href":"https:\/\/www.laencamisa.es\/inicio\/wp-json\/wp\/v2\/users\/1"}],"replies":[{"embeddable":true,"href":"https:\/\/www.laencamisa.es\/inicio\/wp-json\/wp\/v2\/comments?post=781"}],"version-history":[{"count":2,"href":"https:\/\/www.laencamisa.es\/inicio\/wp-json\/wp\/v2\/pages\/781\/revisions"}],"predecessor-version":[{"id":939,"href":"https:\/\/www.laencamisa.es\/inicio\/wp-json\/wp\/v2\/pages\/781\/revisions\/939"}],"up":[{"embeddable":true,"href":"https:\/\/www.laencamisa.es\/inicio\/wp-json\/wp\/v2\/pages\/346"}],"wp:attachment":[{"href":"https:\/\/www.laencamisa.es\/inicio\/wp-json\/wp\/v2\/media?parent=781"}],"curies":[{"name":"wp","href":"https:\/\/api.w.org\/{rel}","templated":true}]}}