{"id":777,"date":"2013-07-31T19:52:04","date_gmt":"2013-07-31T19:52:04","guid":{"rendered":"http:\/\/www.laencamisa.es\/inicio\/?page_id=777"},"modified":"2013-07-31T22:59:16","modified_gmt":"2013-07-31T22:59:16","slug":"economia","status":"publish","type":"page","link":"https:\/\/www.laencamisa.es\/inicio\/navalvillar-de-pela\/economia\/","title":{"rendered":"Econom\u00eda"},"content":{"rendered":"<p>Desde el punto de vista econ\u00f3mico, la actividad agraria (agr\u00edcola y ganadera) ha constituido tradicionalmente el eje fundamental en el desarrollo del municipio. Sin embargo, las nuevas pautas sociales y econ\u00f3micas han producido una regresi\u00f3n de dicha actividad, adquiriendo un nuevo papel las actividades relacionadas con el ocio.<br \/>\nEl sector agrario se encuentra, portante, en recesi\u00f3n frente a un sector industrial con car\u00e1cter incipiente, un sector de la construcci\u00f3n que depende mucho de las fluctuaciones de la econom\u00eda nacional y un sector servicios que, a pesar de ocupar a un importante porcentaje de la poblaci\u00f3n activa, tiene un escaso \u00e1mbito de influencia territorial.<\/p>\n<p>SECTORES ECON\u00d3MICOS<br \/>\nA. Sector primario:<br \/>\n<img loading=\"lazy\" class=\"ngg-singlepic ngg-left alignleft\" style=\"margin-top: 2px; margin-bottom: 2px;\" alt=\"olivar2\" src=\"https:\/\/www.laencamisa.es\/inicio\/wp-content\/gallery\/navalvillar\/olivar2.jpg\" width=\"572\" height=\"430\" \/><\/p>\n<p>&nbsp;<\/p>\n<p>&nbsp;<\/p>\n<p>&nbsp;<\/p>\n<p>&nbsp;<\/p>\n<p>&nbsp;<\/p>\n<p>&nbsp;<\/p>\n<p>&nbsp;<\/p>\n<p>&nbsp;<\/p>\n<p>&nbsp;<\/p>\n<p>El sistema econ\u00f3mico del municipio se ha basado tradicionalmente en un dominio de la actividad agraria, con uso intensivo del territorio, en funci\u00f3n de sus potencialidades y de unas pr\u00e1cticas culturales heredadas del pasado. Dicha actividad agraria contin\u00faa siendo una de las claves econ\u00f3micas.<br \/>\nLa actividad agr\u00edcola se enfrenta en la actualidad a un importante reto ante las nuevas perspectivas del sector.<\/p>\n<p>La agricultura tradicional de secano presenta ahora baja rentabilidad, encontr\u00e1ndose sujeta a importantes problemas.<\/p>\n<p>No obstante, la puesta en marcha del Plan de Irrigaci\u00f3n \u201cCanal de la Dehesa\u201d puede potenciar la actividad e incluso desarrollar cultivos de regad\u00edo.<br \/>\nAtendiendo a las tierras cultivadas, destaca la superficie de cultivos herb\u00e1ceos, fundamentalmente cereal. La superficie restante corresponde b\u00e1sicamente al olivar.<br \/>\nHay que hacer constar que el minifundio, especialmente en las zonas olivareras, es muy importante, ya que el n\u00famero de parcelas es aproximadamente de 20.000.<br \/>\nLa actividad ganadera es b\u00e1sicamente extensiva. La caba\u00f1a ovina constituye la principal orientaci\u00f3n del sector.<\/p>\n<p>En los \u00faltimos a\u00f1os (2001)<img class=\"ngg-singlepic ngg-left alignleft\" alt=\"invernadero-pimiento\" src=\"https:\/\/www.laencamisa.es\/inicio\/wp-content\/gallery\/navalvillar\/invernadero-pimiento.jpg\" \/> un nuevo tipo de agricultura ha entrado en Navalvillar de Pela, se trata de los invernaderos, actualmente existe una superficie de 12 Hect\u00e1reas de invernaderos acristalados donde se producen pimientos, dirigi\u00e9ndose el 100% de la producci\u00f3n a la exportaci\u00f3n.<\/p>\n<p>B. Sector secundario:<br \/>\nEl tejido empresarial se encuentra constituido por peque\u00f1as y medianas empresas. Adoptan, por lo general, la forma de empresario individual como personas f\u00edsicas y de sociedad limitada, cooperativas y almazaras, como personas jur\u00eddicas.<br \/>\nActualmente est\u00e1 en auge la iniciativa empresarial, la cual se ha visto favorecida por los pol\u00edgonos industriales.<br \/>\n<img class=\"ngg-singlepic ngg-left alignleft\" alt=\"termosol1\" src=\"https:\/\/www.laencamisa.es\/inicio\/wp-content\/gallery\/navalvillar\/termosol1.jpg\" \/>Los sectores m\u00e1s representativos son el sector de transformaci\u00f3n de la madera seguido del alimenticio. Destaca la industria olivarera (almazaras).<br \/>\nDentro de este sector, tenemos el sector energ\u00e9tico. Navalvillar de Pela cuenta con dos centrales termosolares, \u00e9stas transforman la energ\u00eda proveniente del sol en electricidad para su consumo.<\/p>\n<p>C. Sector terciario:<br \/>\nSobresale una gran cantidad de establecimientos de comercios al por menor, que presentan como principal caracter\u00edstica una composici\u00f3n familiar. A su vez, podemos observar en los \u00faltimos a\u00f1os un progresivo aumento de profesionales liberales relacionados con los servicios a empresas, como abogados, arquitectos, sanitarios, ingenieros etc.<\/p>\n","protected":false},"excerpt":{"rendered":"<p>Desde el punto de vista econ\u00f3mico, la actividad agraria (agr\u00edcola y ganadera) ha constituido tradicionalmente el eje fundamental en el desarrollo del municipio. Sin embargo, las nuevas pautas sociales y econ\u00f3micas han producido una regresi\u00f3n de dicha actividad, adquiriendo un <span class=\"excerpt-dots\">&hellip;<\/span> <a class=\"more-link\" href=\"https:\/\/www.laencamisa.es\/inicio\/navalvillar-de-pela\/economia\/\"><span class=\"more-msg\">Sigue leyendo &rarr;<\/span><\/a><\/p>\n","protected":false},"author":1,"featured_media":0,"parent":346,"menu_order":0,"comment_status":"closed","ping_status":"closed","template":"","meta":{"ngg_post_thumbnail":0,"_links_to":"","_links_to_target":""},"_links":{"self":[{"href":"https:\/\/www.laencamisa.es\/inicio\/wp-json\/wp\/v2\/pages\/777"}],"collection":[{"href":"https:\/\/www.laencamisa.es\/inicio\/wp-json\/wp\/v2\/pages"}],"about":[{"href":"https:\/\/www.laencamisa.es\/inicio\/wp-json\/wp\/v2\/types\/page"}],"author":[{"embeddable":true,"href":"https:\/\/www.laencamisa.es\/inicio\/wp-json\/wp\/v2\/users\/1"}],"replies":[{"embeddable":true,"href":"https:\/\/www.laencamisa.es\/inicio\/wp-json\/wp\/v2\/comments?post=777"}],"version-history":[{"count":3,"href":"https:\/\/www.laencamisa.es\/inicio\/wp-json\/wp\/v2\/pages\/777\/revisions"}],"predecessor-version":[{"id":806,"href":"https:\/\/www.laencamisa.es\/inicio\/wp-json\/wp\/v2\/pages\/777\/revisions\/806"}],"up":[{"embeddable":true,"href":"https:\/\/www.laencamisa.es\/inicio\/wp-json\/wp\/v2\/pages\/346"}],"wp:attachment":[{"href":"https:\/\/www.laencamisa.es\/inicio\/wp-json\/wp\/v2\/media?parent=777"}],"curies":[{"name":"wp","href":"https:\/\/api.w.org\/{rel}","templated":true}]}}