{"id":542,"date":"2013-05-20T19:24:48","date_gmt":"2013-05-20T19:24:48","guid":{"rendered":"http:\/\/www.laencamisa.es\/inicio\/?page_id=542"},"modified":"2022-04-16T07:13:50","modified_gmt":"2022-04-16T07:13:50","slug":"melaconlia-de-ausencias","status":"publish","type":"page","link":"https:\/\/www.laencamisa.es\/inicio\/la-fiesta\/poesias-de-san-anton\/melaconlia-de-ausencias\/","title":{"rendered":"Melanconl\u00eda de Ausencias"},"content":{"rendered":"<p>I<br \/>\nUna monta\u00f1a negra,<br \/>\nUn cielo p\u00e1lido y claro,<br \/>\nUna vereda en remanso,<br \/>\nUn sombr\u00edo bosque de palos.<\/p>\n<p>Tarde de Oto\u00f1o,<br \/>\nCalatayud mojado.<br \/>\nEntre p\u00e1lidas tristezas,<br \/>\nTengo el aire atragantado.<\/p>\n<p>La melancol\u00eda me llega,<br \/>\nCon el cauce sucio<br \/>\nDel sucio Jal\u00f3n.<br \/>\nY unas nubes blancas,<br \/>\nOtras nubes negras,<br \/>\nPeregrinas, lentas,<br \/>\nDel aire burl\u00f3n,<br \/>\nAnudando est\u00e1n: mi pecho.<br \/>\nAhogando: mi coraz\u00f3n.<\/p>\n<p>II<br \/>\n\u00a1 Saltarinas sierras,<br \/>\nque lejos estais !<br \/>\n\u00a1 Valerosos campos,<br \/>\nlargo cabalgais \u00a1<\/p>\n<p>De la aceituna al brasero,<br \/>\nDel olivar a la roca,<br \/>\nDel camino al limonero.<\/p>\n<p>Desde el campo, a la taberna:<br \/>\nA tutear la baraja<br \/>\nCon vino de pitarrero.<\/p>\n<p>En Diciembre: la matanza.<br \/>\nEn Febrero: el aguacero,<br \/>\n\u2026 Y pasando las escarchas<br \/>\nllega con Pascua el romero.<\/p>\n<p>Pero nunca se me olvida<br \/>\nLa fiesta de los labriegos,<br \/>\nDe j\u00fabilos campesinos:<br \/>\n\u201c LA ENCAMIS\u00c1\u201d para Enero.<\/p>\n<p>III<br \/>\nLa noche de San Fulgencio,<br \/>\nCaballos, mulos y jacas,<br \/>\nHombres y bestias pele\u00f1os,<br \/>\nSe atusan y se acicalan<br \/>\nCalzando zapatos nuevos.<\/p>\n<p>Ardientes lumbres tan altas,<br \/>\nComo el \u00e1lamo de un cerro,<br \/>\nQue calientan e iluminan<br \/>\nEl paso de los cabrestos.<\/p>\n<p>Campanas y cascabeles,<br \/>\nMadro\u00f1os, mantas y cueros;<br \/>\nEntre \u201cvivas sanantones\u201d,<br \/>\nCorre el vino y los bu\u00f1uelos.<\/p>\n<p>El suelo negro de piedra,<br \/>\nEstrellado como el cielo,<br \/>\nPor el choque de los cascos<br \/>\nY chispas de los aceros.<\/p>\n<p>\u2026Todo es humo,<br \/>\ntodo es viento,<br \/>\ntodo es ef\u00edmero y fiero.<br \/>\nTodo es momento de ausencia<br \/>\nImpregnando mi recuerdo.<\/p>\n<p>IV<br \/>\n\u00a1 Navalvillar de Pela!<br \/>\nUn alba fuiste madre<br \/>\nDe qui\u00e9n ahora te vela.<br \/>\nMe hiciste hermano del lobo,<br \/>\nHijo de la golondrina,<br \/>\nNieto del carb\u00f3n y el zorro.(*)<\/p>\n<p>Y me lanzaste a las piedras,<br \/>\nAl sol y al trillo cebado.<\/p>\n<p>\u00bfCuando volver\u00e9 a vestirte,<br \/>\nvieja madre: Extremadura?<br \/>\n\u00bfCu\u00e1ndo volver\u00e9 sentir:<br \/>\n-tu aroma de musgo y chozo,<br \/>\n-el c\u00e1lido gusto de mis amadas migas,<br \/>\n-la dulce y sosegada paz<br \/>\nde tu alma de campo solitario,<br \/>\nque todo lo ennoblece y lo circunda?<\/p>\n<p>V<br \/>\n\u00a1Saltarinas sierras,<br \/>\nque lejos estais!<br \/>\n\u00a1 Valerosos campos,<br \/>\nlargos cabalgais!<\/p>\n<p>La melancol\u00eda me llega,<br \/>\nCon el cauce sucio<br \/>\nDel sucio Jal\u00f3n.<\/p>\n<p>Y unas nubes blancas,<br \/>\nOtras nubes negras,<br \/>\nPeregrinas, lentas,<br \/>\nDel aire burl\u00f3n,<br \/>\nAnudando est\u00e1n: mi pecho,<br \/>\nAhogando: mi coraz\u00f3n.<\/p>\n<p><em>Autor: Salvador Fausto Vald\u00e9s<\/em><\/p>\n<p><strong>El autor<\/strong><\/p>\n<p><a href=\"https:\/\/www.laencamisa.es\/inicio\/wp-content\/uploads\/2013\/05\/fausto-valdes.jpg\"><img loading=\"lazy\" class=\"alignleft size-full wp-image-543\" alt=\"fausto valdes\" src=\"https:\/\/www.laencamisa.es\/inicio\/wp-content\/uploads\/2013\/05\/fausto-valdes.jpg\" width=\"131\" height=\"174\"><\/a>Nacido en Navalvillar de Pela, en un a\u00f1o cercano al siglo pasado, es nieto de Isidora Corvillo- de qui\u00e9n el Grupo de Coros y Danzas \u201c Pelindongo\u201d obtiene parte de su informaci\u00f3n de campo a trav\u00e9s de Manuela Baviano-. Tuvo que emigrar a Madrid con su familia, cuando contaba ocho a\u00f1os de edad. M\u00fasico, compositor y letrista es autor de varios poemarios, todos ellos in\u00e9ditos.<\/p>\n<p>En 1.998 obtiene la Menci\u00f3n de Honor del Jurado, en el XII Certamen de Poes\u00eda de la Casa de Andaluc\u00eda de Getafe, por su poema \u201c Del color de la noche\u201d.<\/p>\n<p>Este poema, que aqu\u00ed se transcribe, pertenece al poemario Poemas de un soldado. Lo escribi\u00f3 mientras cumpl\u00eda el servicio militar, a las orillas del r\u00edo Jal\u00f3n, en el a\u00f1o de1.977.<\/p>\n<p>p\u00e1gina web: <a href=\"www.faustovaldes.com\" target=\"_blank\" rel=\"noopener\">www.faustovaldes.com<\/a><br \/>\ncorreo electr\u00f3nico: faustovaldes@hotmail.com<\/p>\n","protected":false},"excerpt":{"rendered":"<p>I Una monta\u00f1a negra, Un cielo p\u00e1lido y claro, Una vereda en remanso, Un sombr\u00edo bosque de palos. Tarde de Oto\u00f1o, Calatayud mojado. Entre p\u00e1lidas tristezas, Tengo el aire atragantado. La melancol\u00eda me llega, Con el cauce sucio Del sucio <span class=\"excerpt-dots\">&hellip;<\/span> <a class=\"more-link\" href=\"https:\/\/www.laencamisa.es\/inicio\/la-fiesta\/poesias-de-san-anton\/melaconlia-de-ausencias\/\"><span class=\"more-msg\">Sigue leyendo &rarr;<\/span><\/a><\/p>\n","protected":false},"author":1,"featured_media":0,"parent":517,"menu_order":0,"comment_status":"closed","ping_status":"closed","template":"","meta":{"ngg_post_thumbnail":0,"_links_to":"","_links_to_target":""},"_links":{"self":[{"href":"https:\/\/www.laencamisa.es\/inicio\/wp-json\/wp\/v2\/pages\/542"}],"collection":[{"href":"https:\/\/www.laencamisa.es\/inicio\/wp-json\/wp\/v2\/pages"}],"about":[{"href":"https:\/\/www.laencamisa.es\/inicio\/wp-json\/wp\/v2\/types\/page"}],"author":[{"embeddable":true,"href":"https:\/\/www.laencamisa.es\/inicio\/wp-json\/wp\/v2\/users\/1"}],"replies":[{"embeddable":true,"href":"https:\/\/www.laencamisa.es\/inicio\/wp-json\/wp\/v2\/comments?post=542"}],"version-history":[{"count":4,"href":"https:\/\/www.laencamisa.es\/inicio\/wp-json\/wp\/v2\/pages\/542\/revisions"}],"predecessor-version":[{"id":2617,"href":"https:\/\/www.laencamisa.es\/inicio\/wp-json\/wp\/v2\/pages\/542\/revisions\/2617"}],"up":[{"embeddable":true,"href":"https:\/\/www.laencamisa.es\/inicio\/wp-json\/wp\/v2\/pages\/517"}],"wp:attachment":[{"href":"https:\/\/www.laencamisa.es\/inicio\/wp-json\/wp\/v2\/media?parent=542"}],"curies":[{"name":"wp","href":"https:\/\/api.w.org\/{rel}","templated":true}]}}