{"id":281,"date":"2013-02-12T23:10:33","date_gmt":"2013-02-12T23:10:33","guid":{"rendered":"http:\/\/www.laencamisa.es\/inicio\/?page_id=281"},"modified":"2025-11-13T19:42:10","modified_gmt":"2025-11-13T19:42:10","slug":"carteles-de-san-anton","status":"publish","type":"page","link":"https:\/\/www.laencamisa.es\/inicio\/la-fiesta\/carteles-de-san-anton\/","title":{"rendered":"Carteles de San Ant\u00f3n"},"content":{"rendered":"\n<div class=\"wp-container-1 wp-block-group\"><div class=\"wp-block-group__inner-container\">\n<p>Secci\u00f3n dedicada a los carteles oficiales de la fiesta. Desde el a\u00f1o 1992 hasta la actualidad.<\/p>\n<p><strong>NUEVO Cartel San Ant\u00f3n 2026<br><\/strong>Por J\u00e9ssica S\u00e1nchez Arroyo<strong><br><\/strong><\/p>\n<p><a href=\"https:\/\/www.laencamisa.es\/inicio\/wp-content\/uploads\/2025\/11\/Cartel-La-Encamisa-2026-1-scaled.jpg\"><img loading=\"lazy\" class=\"alignleft wp-image-2891 size-medium\" src=\"https:\/\/www.laencamisa.es\/inicio\/wp-content\/uploads\/2025\/11\/Cartel-La-Encamisa-2026-1-169x300.jpg\" alt=\"\" width=\"169\" height=\"300\" srcset=\"https:\/\/www.laencamisa.es\/inicio\/wp-content\/uploads\/2025\/11\/Cartel-La-Encamisa-2026-1-169x300.jpg 169w, https:\/\/www.laencamisa.es\/inicio\/wp-content\/uploads\/2025\/11\/Cartel-La-Encamisa-2026-1-576x1024.jpg 576w, https:\/\/www.laencamisa.es\/inicio\/wp-content\/uploads\/2025\/11\/Cartel-La-Encamisa-2026-1-768x1365.jpg 768w, https:\/\/www.laencamisa.es\/inicio\/wp-content\/uploads\/2025\/11\/Cartel-La-Encamisa-2026-1-864x1536.jpg 864w, https:\/\/www.laencamisa.es\/inicio\/wp-content\/uploads\/2025\/11\/Cartel-La-Encamisa-2026-1-1152x2048.jpg 1152w, https:\/\/www.laencamisa.es\/inicio\/wp-content\/uploads\/2025\/11\/Cartel-La-Encamisa-2026-1-scaled.jpg 1440w\" sizes=\"(max-width: 169px) 100vw, 169px\" \/><\/a><\/p>\n<p>&nbsp;<\/p>\n<p>&nbsp;<\/p>\n<p>&nbsp;<\/p>\n<p>&nbsp;<\/p>\n<p>&nbsp;<\/p>\n<p>&nbsp;<\/p>\n<p>&nbsp;<\/p>\n<p>&nbsp;<\/p>\n<p style=\"text-align: left;\"><strong><span style=\"text-decoration: underline; color: #ff6600;\"><span style=\"text-decoration: underline;\">Todos los Carteles de San Ant\u00f3n<\/span><\/span><br><\/strong><\/p>\n\n\t\t<style type=\"text\/css\">\n\t\t\t#gallery-1 {\n\t\t\t\tmargin: auto;\n\t\t\t}\n\t\t\t#gallery-1 .gallery-item {\n\t\t\t\tfloat: left;\n\t\t\t\tmargin-top: 10px;\n\t\t\t\ttext-align: center;\n\t\t\t\twidth: 33%;\n\t\t\t}\n\t\t\t#gallery-1 img {\n\t\t\t\tborder: 2px solid #cfcfcf;\n\t\t\t}\n\t\t\t#gallery-1 .gallery-caption {\n\t\t\t\tmargin-left: 0;\n\t\t\t}\n\t\t\t\/* see gallery_shortcode() in wp-includes\/media.php *\/\n\t\t<\/style>\n\t\t<div id='gallery-1' class='gallery galleryid-281 gallery-columns-3 gallery-size-thumbnail'><dl class='gallery-item'>\n\t\t\t<dt class='gallery-icon portrait'>\n\t\t\t\t<a href='https:\/\/www.laencamisa.es\/inicio\/wp-content\/uploads\/2025\/11\/Cartel-La-Encamisa-2026-1-scaled.jpg'><img width=\"150\" height=\"150\" src=\"https:\/\/www.laencamisa.es\/inicio\/wp-content\/uploads\/2025\/11\/Cartel-La-Encamisa-2026-1-150x150.jpg\" class=\"attachment-thumbnail size-thumbnail\" alt=\"\" loading=\"lazy\" aria-describedby=\"gallery-1-2891\" \/><\/a>\n\t\t\t<\/dt>\n\t\t\t\t<dd class='wp-caption-text gallery-caption' id='gallery-1-2891'>\n\t\t\t\tLa Encamis\u00e1 2026\n\t\t\t\t<\/dd><\/dl><dl class='gallery-item'>\n\t\t\t<dt class='gallery-icon landscape'>\n\t\t\t\t<a href='https:\/\/www.laencamisa.es\/inicio\/wp-content\/uploads\/2024\/11\/cartel-san-anton-2025.jpg'><img width=\"150\" height=\"150\" src=\"https:\/\/www.laencamisa.es\/inicio\/wp-content\/uploads\/2024\/11\/cartel-san-anton-2025-150x150.jpg\" class=\"attachment-thumbnail size-thumbnail\" alt=\"\" loading=\"lazy\" aria-describedby=\"gallery-1-2762\" \/><\/a>\n\t\t\t<\/dt>\n\t\t\t\t<dd class='wp-caption-text gallery-caption' id='gallery-1-2762'>\n\t\t\t\tLa Encamis\u00e1 2025\n\t\t\t\t<\/dd><\/dl><dl class='gallery-item'>\n\t\t\t<dt class='gallery-icon portrait'>\n\t\t\t\t<a href='https:\/\/www.laencamisa.es\/inicio\/wp-content\/uploads\/2024\/01\/Cartel-San-Anton-2024b.jpg'><img width=\"150\" height=\"150\" src=\"https:\/\/www.laencamisa.es\/inicio\/wp-content\/uploads\/2024\/01\/Cartel-San-Anton-2024b-150x150.jpg\" class=\"attachment-thumbnail size-thumbnail\" alt=\"\" loading=\"lazy\" aria-describedby=\"gallery-1-2690\" \/><\/a>\n\t\t\t<\/dt>\n\t\t\t\t<dd class='wp-caption-text gallery-caption' id='gallery-1-2690'>\n\t\t\t\tLa Encamis\u00e1 2024\n\t\t\t\t<\/dd><\/dl><br style=\"clear: both\" \/><dl class='gallery-item'>\n\t\t\t<dt class='gallery-icon portrait'>\n\t\t\t\t<a href='https:\/\/www.laencamisa.es\/inicio\/wp-content\/uploads\/2023\/01\/Cartel-La-Encamisa-2023-scaled.jpg'><img width=\"150\" height=\"150\" src=\"https:\/\/www.laencamisa.es\/inicio\/wp-content\/uploads\/2023\/01\/Cartel-La-Encamisa-2023-150x150.jpg\" class=\"attachment-thumbnail size-thumbnail\" alt=\"\" loading=\"lazy\" aria-describedby=\"gallery-1-2634\" \/><\/a>\n\t\t\t<\/dt>\n\t\t\t\t<dd class='wp-caption-text gallery-caption' id='gallery-1-2634'>\n\t\t\t\tLa Encamis\u00e1 2023\n\t\t\t\t<\/dd><\/dl><dl class='gallery-item'>\n\t\t\t<dt class='gallery-icon portrait'>\n\t\t\t\t<a href='https:\/\/www.laencamisa.es\/inicio\/wp-content\/uploads\/2021\/12\/carteles-2022-primer-premio-1.jpg'><img width=\"150\" height=\"150\" src=\"https:\/\/www.laencamisa.es\/inicio\/wp-content\/uploads\/2021\/12\/carteles-2022-primer-premio-1-150x150.jpg\" class=\"attachment-thumbnail size-thumbnail\" alt=\"\" loading=\"lazy\" aria-describedby=\"gallery-1-2182\" \/><\/a>\n\t\t\t<\/dt>\n\t\t\t\t<dd class='wp-caption-text gallery-caption' id='gallery-1-2182'>\n\t\t\t\tLa Encamis\u00e1 2022\n\t\t\t\t<\/dd><\/dl><dl class='gallery-item'>\n\t\t\t<dt class='gallery-icon portrait'>\n\t\t\t\t<a href='https:\/\/www.laencamisa.es\/inicio\/wp-content\/uploads\/2021\/12\/Cartel-San-Anton-2021-b-1.jpg'><img width=\"150\" height=\"150\" src=\"https:\/\/www.laencamisa.es\/inicio\/wp-content\/uploads\/2021\/12\/Cartel-San-Anton-2021-b-1-150x150.jpg\" class=\"attachment-thumbnail size-thumbnail\" alt=\"\" loading=\"lazy\" aria-describedby=\"gallery-1-2131\" \/><\/a>\n\t\t\t<\/dt>\n\t\t\t\t<dd class='wp-caption-text gallery-caption' id='gallery-1-2131'>\n\t\t\t\tLa Encamis\u00e1 2021\n\t\t\t\t<\/dd><\/dl><br style=\"clear: both\" \/><dl class='gallery-item'>\n\t\t\t<dt class='gallery-icon landscape'>\n\t\t\t\t<a href='https:\/\/www.laencamisa.es\/inicio\/wp-content\/uploads\/2013\/02\/CARTEL-SAN-ANTON-2020.jpg'><img width=\"150\" height=\"150\" src=\"https:\/\/www.laencamisa.es\/inicio\/wp-content\/uploads\/2013\/02\/CARTEL-SAN-ANTON-2020-150x150.jpg\" class=\"attachment-thumbnail size-thumbnail\" alt=\"\" loading=\"lazy\" aria-describedby=\"gallery-1-1992\" \/><\/a>\n\t\t\t<\/dt>\n\t\t\t\t<dd class='wp-caption-text gallery-caption' id='gallery-1-1992'>\n\t\t\t\tLa Encamis\u00e1 2020\n\t\t\t\t<\/dd><\/dl><dl class='gallery-item'>\n\t\t\t<dt class='gallery-icon landscape'>\n\t\t\t\t<a href='https:\/\/www.laencamisa.es\/inicio\/wp-content\/uploads\/2013\/02\/CARTEL-SAN-ANTON-2019b.jpg'><img width=\"150\" height=\"150\" src=\"https:\/\/www.laencamisa.es\/inicio\/wp-content\/uploads\/2013\/02\/CARTEL-SAN-ANTON-2019b-150x150.jpg\" class=\"attachment-thumbnail size-thumbnail\" alt=\"\" loading=\"lazy\" aria-describedby=\"gallery-1-1919\" \/><\/a>\n\t\t\t<\/dt>\n\t\t\t\t<dd class='wp-caption-text gallery-caption' id='gallery-1-1919'>\n\t\t\t\tLa Encamis\u00e1  2019\n\t\t\t\t<\/dd><\/dl><dl class='gallery-item'>\n\t\t\t<dt class='gallery-icon portrait'>\n\t\t\t\t<a href='https:\/\/www.laencamisa.es\/inicio\/wp-content\/uploads\/2013\/02\/CARTEL-SAN-ANT\u00d3N-2018.jpg'><img width=\"150\" height=\"150\" src=\"https:\/\/www.laencamisa.es\/inicio\/wp-content\/uploads\/2013\/02\/CARTEL-SAN-ANT\u00d3N-2018-150x150.jpg\" class=\"attachment-thumbnail size-thumbnail\" alt=\"\" loading=\"lazy\" aria-describedby=\"gallery-1-1796\" \/><\/a>\n\t\t\t<\/dt>\n\t\t\t\t<dd class='wp-caption-text gallery-caption' id='gallery-1-1796'>\n\t\t\t\tLa Encamis\u00e1 2018\n\t\t\t\t<\/dd><\/dl><br style=\"clear: both\" \/><dl class='gallery-item'>\n\t\t\t<dt class='gallery-icon landscape'>\n\t\t\t\t<a href='https:\/\/www.laencamisa.es\/inicio\/wp-content\/uploads\/2013\/02\/cartel-san-anton-2017-b.jpg'><img width=\"150\" height=\"150\" src=\"https:\/\/www.laencamisa.es\/inicio\/wp-content\/uploads\/2013\/02\/cartel-san-anton-2017-b-150x150.jpg\" class=\"attachment-thumbnail size-thumbnail\" alt=\"\" loading=\"lazy\" aria-describedby=\"gallery-1-1659\" \/><\/a>\n\t\t\t<\/dt>\n\t\t\t\t<dd class='wp-caption-text gallery-caption' id='gallery-1-1659'>\n\t\t\t\tLa Encamis\u00e1 2017\n\t\t\t\t<\/dd><\/dl><dl class='gallery-item'>\n\t\t\t<dt class='gallery-icon landscape'>\n\t\t\t\t<a href='https:\/\/www.laencamisa.es\/inicio\/wp-content\/uploads\/2013\/02\/CARTEL-SAN-ANTON-2016.jpg'><img width=\"150\" height=\"150\" src=\"https:\/\/www.laencamisa.es\/inicio\/wp-content\/uploads\/2013\/02\/CARTEL-SAN-ANTON-2016-150x150.jpg\" class=\"attachment-thumbnail size-thumbnail\" alt=\"\" loading=\"lazy\" aria-describedby=\"gallery-1-1430\" \/><\/a>\n\t\t\t<\/dt>\n\t\t\t\t<dd class='wp-caption-text gallery-caption' id='gallery-1-1430'>\n\t\t\t\tLa Encamis\u00e1 2016\n\t\t\t\t<\/dd><\/dl><dl class='gallery-item'>\n\t\t\t<dt class='gallery-icon portrait'>\n\t\t\t\t<a href='https:\/\/www.laencamisa.es\/inicio\/wp-content\/uploads\/2013\/02\/cartel-la-encamisa-2015.jpg'><img width=\"150\" height=\"150\" src=\"https:\/\/www.laencamisa.es\/inicio\/wp-content\/uploads\/2013\/02\/cartel-la-encamisa-2015-150x150.jpg\" class=\"attachment-thumbnail size-thumbnail\" alt=\"\" loading=\"lazy\" aria-describedby=\"gallery-1-1189\" \/><\/a>\n\t\t\t<\/dt>\n\t\t\t\t<dd class='wp-caption-text gallery-caption' id='gallery-1-1189'>\n\t\t\t\tLa Encamis\u00e1 2015\n\t\t\t\t<\/dd><\/dl><br style=\"clear: both\" \/><dl class='gallery-item'>\n\t\t\t<dt class='gallery-icon portrait'>\n\t\t\t\t<a href='https:\/\/www.laencamisa.es\/inicio\/wp-content\/uploads\/2013\/02\/Cartel-San-Ant\u00f3n-2014.jpg'><img width=\"150\" height=\"150\" src=\"https:\/\/www.laencamisa.es\/inicio\/wp-content\/uploads\/2013\/02\/Cartel-San-Ant\u00f3n-2014-150x150.jpg\" class=\"attachment-thumbnail size-thumbnail\" alt=\"\" loading=\"lazy\" aria-describedby=\"gallery-1-1052\" \/><\/a>\n\t\t\t<\/dt>\n\t\t\t\t<dd class='wp-caption-text gallery-caption' id='gallery-1-1052'>\n\t\t\t\tLa Encamis\u00e1 2014\n\t\t\t\t<\/dd><\/dl><dl class='gallery-item'>\n\t\t\t<dt class='gallery-icon portrait'>\n\t\t\t\t<a href='https:\/\/www.laencamisa.es\/inicio\/wp-content\/uploads\/2013\/02\/Cartel-La-Encamisa-2013.jpg'><img width=\"150\" height=\"150\" src=\"https:\/\/www.laencamisa.es\/inicio\/wp-content\/uploads\/2013\/02\/Cartel-La-Encamisa-2013-150x150.jpg\" class=\"attachment-thumbnail size-thumbnail\" alt=\"\" loading=\"lazy\" aria-describedby=\"gallery-1-608\" \/><\/a>\n\t\t\t<\/dt>\n\t\t\t\t<dd class='wp-caption-text gallery-caption' id='gallery-1-608'>\n\t\t\t\tLa Encamis\u00e1 2013\n\t\t\t\t<\/dd><\/dl><dl class='gallery-item'>\n\t\t\t<dt class='gallery-icon portrait'>\n\t\t\t\t<a href='https:\/\/www.laencamisa.es\/inicio\/wp-content\/uploads\/2013\/02\/Cartel-La-Encamisa-2012.jpg'><img width=\"150\" height=\"150\" src=\"https:\/\/www.laencamisa.es\/inicio\/wp-content\/uploads\/2013\/02\/Cartel-La-Encamisa-2012-150x150.jpg\" class=\"attachment-thumbnail size-thumbnail\" alt=\"\" loading=\"lazy\" aria-describedby=\"gallery-1-592\" \/><\/a>\n\t\t\t<\/dt>\n\t\t\t\t<dd class='wp-caption-text gallery-caption' id='gallery-1-592'>\n\t\t\t\tLa Encamis\u00e1 2012\n\t\t\t\t<\/dd><\/dl><br style=\"clear: both\" \/><dl class='gallery-item'>\n\t\t\t<dt class='gallery-icon portrait'>\n\t\t\t\t<a href='https:\/\/www.laencamisa.es\/inicio\/wp-content\/uploads\/2013\/02\/CARTEL-SAN-ANTON-2011.jpg'><img width=\"150\" height=\"150\" src=\"https:\/\/www.laencamisa.es\/inicio\/wp-content\/uploads\/2013\/02\/CARTEL-SAN-ANTON-2011-150x150.jpg\" class=\"attachment-thumbnail size-thumbnail\" alt=\"\" loading=\"lazy\" aria-describedby=\"gallery-1-609\" \/><\/a>\n\t\t\t<\/dt>\n\t\t\t\t<dd class='wp-caption-text gallery-caption' id='gallery-1-609'>\n\t\t\t\tLa Encamis\u00e1 2011\n\t\t\t\t<\/dd><\/dl><dl class='gallery-item'>\n\t\t\t<dt class='gallery-icon portrait'>\n\t\t\t\t<a href='https:\/\/www.laencamisa.es\/inicio\/wp-content\/uploads\/2013\/02\/Cartel-La-Encamisa-2010.jpg'><img width=\"150\" height=\"150\" src=\"https:\/\/www.laencamisa.es\/inicio\/wp-content\/uploads\/2013\/02\/Cartel-La-Encamisa-2010-150x150.jpg\" class=\"attachment-thumbnail size-thumbnail\" alt=\"\" loading=\"lazy\" aria-describedby=\"gallery-1-607\" \/><\/a>\n\t\t\t<\/dt>\n\t\t\t\t<dd class='wp-caption-text gallery-caption' id='gallery-1-607'>\n\t\t\t\tLa Encamis\u00e1 2010\n\t\t\t\t<\/dd><\/dl><dl class='gallery-item'>\n\t\t\t<dt class='gallery-icon landscape'>\n\t\t\t\t<a href='https:\/\/www.laencamisa.es\/inicio\/wp-content\/uploads\/2013\/02\/Cartel-La-Encamisa-2009.jpg'><img width=\"150\" height=\"150\" src=\"https:\/\/www.laencamisa.es\/inicio\/wp-content\/uploads\/2013\/02\/Cartel-La-Encamisa-2009-150x150.jpg\" class=\"attachment-thumbnail size-thumbnail\" alt=\"\" loading=\"lazy\" aria-describedby=\"gallery-1-606\" \/><\/a>\n\t\t\t<\/dt>\n\t\t\t\t<dd class='wp-caption-text gallery-caption' id='gallery-1-606'>\n\t\t\t\tLa Encamis\u00e1 2009\n\t\t\t\t<\/dd><\/dl><br style=\"clear: both\" \/><dl class='gallery-item'>\n\t\t\t<dt class='gallery-icon portrait'>\n\t\t\t\t<a href='https:\/\/www.laencamisa.es\/inicio\/wp-content\/uploads\/2013\/02\/Cartel-La-Encamisa-2008.jpg'><img width=\"150\" height=\"150\" src=\"https:\/\/www.laencamisa.es\/inicio\/wp-content\/uploads\/2013\/02\/Cartel-La-Encamisa-2008-150x150.jpg\" class=\"attachment-thumbnail size-thumbnail\" alt=\"\" loading=\"lazy\" aria-describedby=\"gallery-1-605\" \/><\/a>\n\t\t\t<\/dt>\n\t\t\t\t<dd class='wp-caption-text gallery-caption' id='gallery-1-605'>\n\t\t\t\tLa Encamis\u00e1 2008\n\t\t\t\t<\/dd><\/dl><dl class='gallery-item'>\n\t\t\t<dt class='gallery-icon portrait'>\n\t\t\t\t<a href='https:\/\/www.laencamisa.es\/inicio\/wp-content\/uploads\/2013\/02\/Cartel-La-Encamisa-2007.jpg'><img width=\"150\" height=\"150\" src=\"https:\/\/www.laencamisa.es\/inicio\/wp-content\/uploads\/2013\/02\/Cartel-La-Encamisa-2007-150x150.jpg\" class=\"attachment-thumbnail size-thumbnail\" alt=\"\" loading=\"lazy\" aria-describedby=\"gallery-1-604\" \/><\/a>\n\t\t\t<\/dt>\n\t\t\t\t<dd class='wp-caption-text gallery-caption' id='gallery-1-604'>\n\t\t\t\tLa Encamis\u00e1 2007\n\t\t\t\t<\/dd><\/dl><dl class='gallery-item'>\n\t\t\t<dt class='gallery-icon portrait'>\n\t\t\t\t<a href='https:\/\/www.laencamisa.es\/inicio\/wp-content\/uploads\/2013\/02\/Cartel-La-Encamisa-2006.jpg'><img width=\"150\" height=\"150\" src=\"https:\/\/www.laencamisa.es\/inicio\/wp-content\/uploads\/2013\/02\/Cartel-La-Encamisa-2006-150x150.jpg\" class=\"attachment-thumbnail size-thumbnail\" alt=\"\" loading=\"lazy\" aria-describedby=\"gallery-1-603\" \/><\/a>\n\t\t\t<\/dt>\n\t\t\t\t<dd class='wp-caption-text gallery-caption' id='gallery-1-603'>\n\t\t\t\tLa Encamis\u00e1 2006\n\t\t\t\t<\/dd><\/dl><br style=\"clear: both\" \/><dl class='gallery-item'>\n\t\t\t<dt class='gallery-icon portrait'>\n\t\t\t\t<a href='https:\/\/www.laencamisa.es\/inicio\/wp-content\/uploads\/2013\/02\/Cartel-La-Encamisa-2005.jpg'><img width=\"150\" height=\"150\" src=\"https:\/\/www.laencamisa.es\/inicio\/wp-content\/uploads\/2013\/02\/Cartel-La-Encamisa-2005-150x150.jpg\" class=\"attachment-thumbnail size-thumbnail\" alt=\"\" loading=\"lazy\" aria-describedby=\"gallery-1-602\" \/><\/a>\n\t\t\t<\/dt>\n\t\t\t\t<dd class='wp-caption-text gallery-caption' id='gallery-1-602'>\n\t\t\t\tLa Encamis\u00e1 2005\n\t\t\t\t<\/dd><\/dl><dl class='gallery-item'>\n\t\t\t<dt class='gallery-icon portrait'>\n\t\t\t\t<a href='https:\/\/www.laencamisa.es\/inicio\/wp-content\/uploads\/2013\/02\/Cartel-La-Encamisa-2004.jpg'><img width=\"150\" height=\"150\" src=\"https:\/\/www.laencamisa.es\/inicio\/wp-content\/uploads\/2013\/02\/Cartel-La-Encamisa-2004-150x150.jpg\" class=\"attachment-thumbnail size-thumbnail\" alt=\"\" loading=\"lazy\" aria-describedby=\"gallery-1-601\" \/><\/a>\n\t\t\t<\/dt>\n\t\t\t\t<dd class='wp-caption-text gallery-caption' id='gallery-1-601'>\n\t\t\t\tLa Encamis\u00e1 2004\n\t\t\t\t<\/dd><\/dl><dl class='gallery-item'>\n\t\t\t<dt class='gallery-icon portrait'>\n\t\t\t\t<a href='https:\/\/www.laencamisa.es\/inicio\/wp-content\/uploads\/2013\/02\/Cartel-La-Encamisa-2003.jpg'><img width=\"150\" height=\"150\" src=\"https:\/\/www.laencamisa.es\/inicio\/wp-content\/uploads\/2013\/02\/Cartel-La-Encamisa-2003-150x150.jpg\" class=\"attachment-thumbnail size-thumbnail\" alt=\"\" loading=\"lazy\" aria-describedby=\"gallery-1-600\" \/><\/a>\n\t\t\t<\/dt>\n\t\t\t\t<dd class='wp-caption-text gallery-caption' id='gallery-1-600'>\n\t\t\t\tLa Encamis\u00e1 2003\n\t\t\t\t<\/dd><\/dl><br style=\"clear: both\" \/><dl class='gallery-item'>\n\t\t\t<dt class='gallery-icon portrait'>\n\t\t\t\t<a href='https:\/\/www.laencamisa.es\/inicio\/wp-content\/uploads\/2013\/02\/Cartel-La-Encamisa-2002.jpg'><img width=\"150\" height=\"150\" src=\"https:\/\/www.laencamisa.es\/inicio\/wp-content\/uploads\/2013\/02\/Cartel-La-Encamisa-2002-150x150.jpg\" class=\"attachment-thumbnail size-thumbnail\" alt=\"\" loading=\"lazy\" aria-describedby=\"gallery-1-599\" \/><\/a>\n\t\t\t<\/dt>\n\t\t\t\t<dd class='wp-caption-text gallery-caption' id='gallery-1-599'>\n\t\t\t\tLa Encamis\u00e1 2002\n\t\t\t\t<\/dd><\/dl><dl class='gallery-item'>\n\t\t\t<dt class='gallery-icon portrait'>\n\t\t\t\t<a href='https:\/\/www.laencamisa.es\/inicio\/wp-content\/uploads\/2013\/02\/Cartel-La-Encamisa-2001.jpg'><img width=\"150\" height=\"150\" src=\"https:\/\/www.laencamisa.es\/inicio\/wp-content\/uploads\/2013\/02\/Cartel-La-Encamisa-2001-150x150.jpg\" class=\"attachment-thumbnail size-thumbnail\" alt=\"\" loading=\"lazy\" aria-describedby=\"gallery-1-598\" \/><\/a>\n\t\t\t<\/dt>\n\t\t\t\t<dd class='wp-caption-text gallery-caption' id='gallery-1-598'>\n\t\t\t\tLa Encamis\u00e1 2001\n\t\t\t\t<\/dd><\/dl><dl class='gallery-item'>\n\t\t\t<dt class='gallery-icon portrait'>\n\t\t\t\t<a href='https:\/\/www.laencamisa.es\/inicio\/wp-content\/uploads\/2013\/02\/Cartel-La-Encamisa-2000.jpg'><img width=\"150\" height=\"150\" src=\"https:\/\/www.laencamisa.es\/inicio\/wp-content\/uploads\/2013\/02\/Cartel-La-Encamisa-2000-150x150.jpg\" class=\"attachment-thumbnail size-thumbnail\" alt=\"\" loading=\"lazy\" aria-describedby=\"gallery-1-597\" \/><\/a>\n\t\t\t<\/dt>\n\t\t\t\t<dd class='wp-caption-text gallery-caption' id='gallery-1-597'>\n\t\t\t\tLa Encamis\u00e1 2000\n\t\t\t\t<\/dd><\/dl><br style=\"clear: both\" \/><dl class='gallery-item'>\n\t\t\t<dt class='gallery-icon portrait'>\n\t\t\t\t<a href='https:\/\/www.laencamisa.es\/inicio\/wp-content\/uploads\/2013\/02\/Cartel-La-Encamisa-1999.jpg'><img width=\"150\" height=\"150\" src=\"https:\/\/www.laencamisa.es\/inicio\/wp-content\/uploads\/2013\/02\/Cartel-La-Encamisa-1999-150x150.jpg\" class=\"attachment-thumbnail size-thumbnail\" alt=\"\" loading=\"lazy\" aria-describedby=\"gallery-1-596\" \/><\/a>\n\t\t\t<\/dt>\n\t\t\t\t<dd class='wp-caption-text gallery-caption' id='gallery-1-596'>\n\t\t\t\tLa Encamis\u00e1 1999\n\t\t\t\t<\/dd><\/dl><dl class='gallery-item'>\n\t\t\t<dt class='gallery-icon portrait'>\n\t\t\t\t<a href='https:\/\/www.laencamisa.es\/inicio\/wp-content\/uploads\/2013\/02\/Cartel-La-Encamisa-1997.jpg'><img width=\"150\" height=\"150\" src=\"https:\/\/www.laencamisa.es\/inicio\/wp-content\/uploads\/2013\/02\/Cartel-La-Encamisa-1997-150x150.jpg\" class=\"attachment-thumbnail size-thumbnail\" alt=\"\" loading=\"lazy\" aria-describedby=\"gallery-1-595\" \/><\/a>\n\t\t\t<\/dt>\n\t\t\t\t<dd class='wp-caption-text gallery-caption' id='gallery-1-595'>\n\t\t\t\tLa Encamis\u00e1 1997\n\t\t\t\t<\/dd><\/dl><dl class='gallery-item'>\n\t\t\t<dt class='gallery-icon portrait'>\n\t\t\t\t<a href='https:\/\/www.laencamisa.es\/inicio\/wp-content\/uploads\/2013\/02\/Cartel-La-Encamisa-1996.jpg'><img width=\"150\" height=\"150\" src=\"https:\/\/www.laencamisa.es\/inicio\/wp-content\/uploads\/2013\/02\/Cartel-La-Encamisa-1996-150x150.jpg\" class=\"attachment-thumbnail size-thumbnail\" alt=\"\" loading=\"lazy\" aria-describedby=\"gallery-1-594\" \/><\/a>\n\t\t\t<\/dt>\n\t\t\t\t<dd class='wp-caption-text gallery-caption' id='gallery-1-594'>\n\t\t\t\tLa Encamis\u00e1 1996\n\t\t\t\t<\/dd><\/dl><br style=\"clear: both\" \/><dl class='gallery-item'>\n\t\t\t<dt class='gallery-icon portrait'>\n\t\t\t\t<a href='https:\/\/www.laencamisa.es\/inicio\/wp-content\/uploads\/2013\/02\/Cartel-La-Encamisa-1992.jpg'><img width=\"150\" height=\"150\" src=\"https:\/\/www.laencamisa.es\/inicio\/wp-content\/uploads\/2013\/02\/Cartel-La-Encamisa-1992-150x150.jpg\" class=\"attachment-thumbnail size-thumbnail\" alt=\"\" loading=\"lazy\" aria-describedby=\"gallery-1-593\" \/><\/a>\n\t\t\t<\/dt>\n\t\t\t\t<dd class='wp-caption-text gallery-caption' id='gallery-1-593'>\n\t\t\t\tLa Encamis\u00e1 1992\n\t\t\t\t<\/dd><\/dl>\n\t\t\t<br style='clear: both' \/>\n\t\t<\/div>\n\n<\/div><\/div>\n","protected":false},"excerpt":{"rendered":"<p>Secci\u00f3n dedicada a los carteles oficiales de la fiesta. Desde el a\u00f1o 1992 hasta la actualidad. NUEVO Cartel San Ant\u00f3n 2026Por J\u00e9ssica S\u00e1nchez Arroyo &nbsp; &nbsp; &nbsp; &nbsp; &nbsp; &nbsp; &nbsp; &nbsp; Todos los Carteles de San Ant\u00f3n<\/p>\n <a class=\"more-link\" href=\"https:\/\/www.laencamisa.es\/inicio\/la-fiesta\/carteles-de-san-anton\/\"><span class=\"more-msg\">Sigue leyendo &rarr;<\/span><\/a>","protected":false},"author":1,"featured_media":0,"parent":200,"menu_order":7,"comment_status":"closed","ping_status":"closed","template":"","meta":{"ngg_post_thumbnail":0,"_links_to":"","_links_to_target":""},"_links":{"self":[{"href":"https:\/\/www.laencamisa.es\/inicio\/wp-json\/wp\/v2\/pages\/281"}],"collection":[{"href":"https:\/\/www.laencamisa.es\/inicio\/wp-json\/wp\/v2\/pages"}],"about":[{"href":"https:\/\/www.laencamisa.es\/inicio\/wp-json\/wp\/v2\/types\/page"}],"author":[{"embeddable":true,"href":"https:\/\/www.laencamisa.es\/inicio\/wp-json\/wp\/v2\/users\/1"}],"replies":[{"embeddable":true,"href":"https:\/\/www.laencamisa.es\/inicio\/wp-json\/wp\/v2\/comments?post=281"}],"version-history":[{"count":65,"href":"https:\/\/www.laencamisa.es\/inicio\/wp-json\/wp\/v2\/pages\/281\/revisions"}],"predecessor-version":[{"id":2894,"href":"https:\/\/www.laencamisa.es\/inicio\/wp-json\/wp\/v2\/pages\/281\/revisions\/2894"}],"up":[{"embeddable":true,"href":"https:\/\/www.laencamisa.es\/inicio\/wp-json\/wp\/v2\/pages\/200"}],"wp:attachment":[{"href":"https:\/\/www.laencamisa.es\/inicio\/wp-json\/wp\/v2\/media?parent=281"}],"curies":[{"name":"wp","href":"https:\/\/api.w.org\/{rel}","templated":true}]}}