{"id":1933,"date":"2019-01-06T12:46:05","date_gmt":"2019-01-06T12:46:05","guid":{"rendered":"http:\/\/www.laencamisa.es\/inicio\/?page_id=1933"},"modified":"2022-04-15T20:10:55","modified_gmt":"2022-04-15T20:10:55","slug":"programa-de-fiesta-2019","status":"publish","type":"page","link":"https:\/\/www.laencamisa.es\/inicio\/la-fiesta\/programas-de-fiesta\/programa-de-fiesta-2019\/","title":{"rendered":"Programa de Fiesta 2019"},"content":{"rendered":"<p><strong>MI\u00c9RCOLES 2 DE ENERO<\/strong><br \/>\n16:00h. Taller Infantil sobre la Fiesta de San Ant\u00f3n.<br \/>\nPara todos los ni\u00f1os de edades hasta 12 a\u00f1os, podr\u00e1n disfrutar tarde realizando murales, madro\u00f1os, caballos sanantoneros y elaborando gorros. Al finalizar habr\u00e1 chucher\u00edas para todos. Contaremos con la presencia del mago MAGOJOZ para impresionar a los m\u00e1s peque\u00f1os con sus trucos m\u00e1s sorprendentes.<\/p>\n<p>IMPORTANTE: Cada ni\u00f1o\/a que quiera hacerse el gorro deber\u00e1 llevar su pa\u00f1uelo.<br \/>\nLugar: Sal\u00f3n Sociocultural.<\/p>\n<p><strong>JUEVES 3 DE ENERO<\/strong><br \/>\n18:00 h. Fiesta en homenaje a nuestros mayores.<br \/>\nSe les obsequiar\u00e1 a chocolate con churros y nuestros deliciosos \u2018bi\u00f1uelos\u2019.<br \/>\nLugar: Cafeter\u00eda Acorde\u00f3n.<\/p>\n<p><strong>DOMINGO 6 DE ENERO<\/strong><br \/>\n08:00h. y 17:00 h. <strong>Salida del tambor<\/strong>.<br \/>\nDesde el d\u00eda 6 hasta el 15 de Enero, el tambor har\u00e1 el tradicional recorrido de la carrera. Esperamos a todos los acompa\u00f1antes con los t\u00edpicos cencerros y campanillos. Al finalizar el recorrido, se obsequiar\u00e1 a los participantes con un \u2018bi\u00f1uelo\u2019. Al t\u00e9rmino de cada tambor se obsequiar\u00e1 a cada ni\u00f1o\/a que lleve cencerro o campanillo.<br \/>\nLugar: Casa del Santo.<\/p>\n<p>18:30 h. <strong>Bajada de nuestro Santo Patr\u00f3n en procesi\u00f3n desde su Ermita<\/strong>.<br \/>\nAl inicio de la procesi\u00f3n, el grupo local de folklore \u2018El Calderero\u2019 actuar\u00e1 homenajeando a San Ant\u00f3n Abad.<br \/>\nDespu\u00e9s de la procesi\u00f3n se celebrar\u00e1 una Misa en la Parroquia de Santa Catalina, que ser\u00e1 cantada por el grupo local de folklore \u2018El Calderero\u2019<\/p>\n<p>IMPORTANTE: Para evitar problemas con la subida del personal a la Ermita se aconseja que la subida sea:<br \/>\n\u2022 Los caballos por las calles Molino, Caridad e Iglesia<br \/>\n\u2022 Los peatones por Plaza de Espa\u00f1a y Moreno Nogales<\/p>\n<p>IMPORTANTE: Los jinetes deben ir ataviados con el traje t\u00edpico.<br \/>\nLugar: Ermita de San Ant\u00f3n.<\/p>\n<p><strong>DEL 7 AL 15 DE ENERO<\/strong><br \/>\n19:00 h. Novena en Honor a Nuestro Santo Patr\u00f3n.<\/p>\n<p>IMPORTANTE:<br \/>\n\u2022 El Lunes 7, en la Misa Novena, tendr\u00e1 lugar la \u2018imposici\u00f3n de medallas\u2019 para todas las personas que lo deseen.<br \/>\n\u2022 El Domingo 13, no habr\u00e1 Novena por la tarde.<br \/>\nRECUERDA: Todos los meses el domingo m\u00e1s cercano al d\u00eda 17 de cada mes, se celebrar\u00e1 una misa en la Ermita de San Ant\u00f3n.<br \/>\nLugar: Parroquia Santa Catalina de Alejandr\u00eda.<\/p>\n<p><strong>LUNES 7 DE ENERO<\/strong><br \/>\n22:00 h. Invitaci\u00f3n a los empresarios, profesionales, empleados p\u00fablicos, agricultores, ganaderos, trabajadores por cuenta ajena y colectivo de bares y hosteler\u00eda, en reconocimiento a su colaboraci\u00f3n con medios materiales y humanos para las fiestas de San Ant\u00f3n.<br \/>\nLugar: Casa del Santo.<\/p>\n<p><strong>MARTES 8 DE ENERO<\/strong><br \/>\n22:00 h. Invitaci\u00f3n a las Asociaciones Culturales, Deportivas y de Ocio en reconocimiento a su trabajo difundiendo la cultura y las tradiciones que nos identifican como Pele\u00f1os.<br \/>\nLugar: Casa del Santo.<\/p>\n<p><strong>MIERCOLES 9 DE ENERO<\/strong><br \/>\n22:00 h. Invitaci\u00f3n a las mujeres en reconocimiento a su labor de conservaci\u00f3n y potenciaci\u00f3n de las costumbres y tradiciones de San Ant\u00f3n.<br \/>\nLugar: Casa del Santo.<\/p>\n<p><strong>JUEVES 10 DE ENERO<\/strong><br \/>\n22:00 h. Invitaci\u00f3n a las directivas anteriores, para agradecerles el trabajo realizado en a\u00f1os pasados y la colaboraci\u00f3n que siguen prestando para el buen desarrollo de las fiestas.<br \/>\nLugar: Casa del Santo.<\/p>\n<p><strong>VIERNES 11 DE ENERO<\/strong><br \/>\n10:00 h. Visita de la Directiva de la Cofrad\u00eda de San Ant\u00f3n a los ni\u00f1os de la Guarder\u00eda, porque sobre ellos recaer\u00e1 en el futuro la difusi\u00f3n y conservaci\u00f3n de nuestras tradiciones.<br \/>\nLugar: Guarder\u00eda.<\/p>\n<p>12:00 h. Visita de la Directiva de la Cofrad\u00eda de San Ant\u00f3n a los ni\u00f1os del C. P. &#8216;Enrique Tierno Galv\u00e1n&#8217; de Obando<br \/>\nLugar: C.P Enrique Tierno Galv\u00e1n (Obando).<\/p>\n<p><strong>S\u00c1BADO 12 DE ENERO<\/strong><br \/>\n22:30 h. Apertura de puertas Fiesta Sanantonera.<br \/>\n23:30 h. ORQUESTA LA ISLA SHOW:<br \/>\nOrquesta espect\u00e1culo con 12 componentes e impresionante montaje. Tiene un amplio y variado repertorio, destacando por un segundo pase m\u00e1s enfocado para el p\u00fablico joven con lo m\u00e1s actual del electro-latino, m\u00fasica disco, dance y tambi\u00e9n temas pop y pop-rock. Todo ello con mucho cambio de vestuario, coreograf\u00edas y una cuidada imagen. Este d\u00eda compartir\u00e1 escenario con el artista andaluz Sergio Contreras.<\/p>\n<p>01:00 h <strong>CONCIERTO SERGIO CONTRERAS<\/strong>:<br \/>\nComo Alejandro Sanz o El Barrio, Sergio Contreras es uno de los pocos artistas andaluces capaces de conjugar tradici\u00f3n y presente. Tras desarrollar una importante reputaci\u00f3n como DJ en su regi\u00f3n, Contreras comenz\u00f3 a componer su propio material en el que combinaba la m\u00fasica flamenca de sus ra\u00edces con R&amp;B y hip-hop. Su \u00e1lbum debut de 2005, \u00abDe luz y sal\u00bb, lleg\u00f3 a vender m\u00e1s de 50.000 copias. El \u00e9xito del mismo le permiti\u00f3 ofrecer conciertos por todo el continente europeo. Con \u00abLa transparencia de un alma\u00bb (2008), alcanz\u00f3 el segundo puesto en Espa\u00f1a. En \u00abSIEN7E\u00bb, su s\u00e9ptimo trabajo discogr\u00e1fico, tiene colaboraciones con Henry M\u00e9ndez, Miguel Saez y Rafa Puas entre otros. Y en sencillos como \u201cLa reina del local\u201d mano a mano con Manuel Delgado ha alcanzado 18 millones de reproducciones en Youtube.<br \/>\nLugar: Sal\u00f3n Sociocultural.<\/p>\n<p><strong>DOMINGO 13 DE ENERO<\/strong><br \/>\n11:00 h. <strong>GRAN TIRADA AL PLATO<\/strong><br \/>\nImportantes premios y trofeos. Ver programa aparte.<br \/>\nLugar: Campo de Tiro La Dehesa.<\/p>\n<p><strong>LUNES 14 DE ENERO<\/strong><br \/>\n12:00 h. Visita de la Directiva de la Cofrad\u00eda de San Ant\u00f3n a los ni\u00f1os del C. P. &#8216;Nuestra Se\u00f1ora de Guadalupe&#8217; de Navalvillar de Pela.<br \/>\nLugar: C.P. Ntra. Sra. de Guadalupe.<\/p>\n<p>22:00 h. Organizaci\u00f3n para la recogida de la le\u00f1a as\u00ed como para la distribuci\u00f3n de las casas y remolques donde se repartir\u00e1 el vino y los &#8216;bi\u00f1uelos&#8217;. Se ruega asistencia de las personas interesadas.<br \/>\nLugar: Casa del Santo.<\/p>\n<p><strong>MI\u00c9RCOLES 15 DE ENERO<\/strong><br \/>\n21:00 h Apertura de la Casa del Santo a todos los sanantoneros para degustar el vino de la carrera, amenizado por la Charanga \u2018Que Show\u2019. A continuaci\u00f3n pasacalles hasta el Sal\u00f3n Sociocultural para continuar con la fiesta.<br \/>\nLugar: Casa del Santo<\/p>\n<p>23:30 h. ORQUESTA ALEJANDR\u00cdA SHOW:<br \/>\nAlejandr\u00eda The Show: Es uno de los grupos m\u00e1s s\u00f3lidos y representativos a nivel art\u00edstico en Extremadura. Sorprendentemente la media global de edad de los componentes es de 24 a\u00f1os, lo que la hace 100 % atractiva, din\u00e1mica y divertida. Se le suma a ello la fuerza de sus m\u00fasicos de base, vientos, cantantes y bailarines que lo dan todo en cada actuaci\u00f3n. Una sinergia perfecta junto a una ESPECTACULAR puesta en escena.<br \/>\nLugar: Sal\u00f3n Sociocultural.<\/p>\n<p><span style=\"color: #ff6600;\"><strong>MIERCOLES 16 DE ENERO<\/strong><\/span><br \/>\n07:00 h. Salida de tractores y remolques para la recogida de la le\u00f1a desde el Sal\u00f3n Sociocultural. En el momento de la salida se ofrecer\u00e1 un desayuno para todos los colaboradores. La recepci\u00f3n de la le\u00f1a ser\u00e1 de nuevo en el Sal\u00f3n Sociocultural, donde se invitar\u00e1 a un aperitivo a los integrantes de las cuadrillas. Luego se proceder\u00e1 al reparto ordenado de la le\u00f1a por las calles del recorrido de la Carrera.<br \/>\nLugar: Sal\u00f3n Sociocultural.<\/p>\n<p>15:30 h. Pasacalle de Gigantes y Cabezudos amenizado por la Charanga \u2018Q Show\u2019<br \/>\nLugar: Plaza de Espa\u00f1a.<\/p>\n<p>17:30 h. <strong>Bendici\u00f3n de animales<\/strong> y, a continuaci\u00f3n Misa.<br \/>\nLugar: Parroquia Santa Catalina de Alejandr\u00eda.<\/p>\n<p>19:30 h. <strong>Vino de Honor<\/strong> al que est\u00e1n invitados todos los pele\u00f1os y forasteros que nos visiten.<br \/>\nLugar: Ayuntamiento.<\/p>\n<p>19:55 h. <strong>Preg\u00f3n de las Fiestas<\/strong> a cargo del Mayordomo de la Asociaci\u00f3n Cofrad\u00eda de San Ant\u00f3n, Don Sergio Entonado Moreno.<br \/>\nLugar: Ayuntamiento.<\/p>\n<p>20:00 h. <span style=\"color: #ff0000;\"><strong>Con repique de campanas y gran estruendo de cohetes dar\u00e1 comienzo \u2018LA ENCAMIS\u00c1\u2019, declarada Fiesta de Inter\u00e9s Tur\u00edstico Regional. Durante el recorrido se obsequiar\u00e1 con vino de pitarra y &#8216;bi\u00f1uelos&#8217; a todos los participantes. Amenizar\u00e1 el recorrido la Charanga \u2018Que show\u2019. Al finalizar se repartir\u00e1 el tradicional puro para el jinete y el \u2018bi\u00f1uelo\u2019 para el caballo.<\/strong><\/span><br \/>\nLugar: Plaza de Espa\u00f1a.<\/p>\n<p>00:30 h. Tras finalizar \u2018La Encamis\u00e1\u2019 y continuando con la fiesta:<br \/>\nORQUESTA CHICAGO:<br \/>\nOrquesta que deriva de Alejandr\u00eda Show, pero con menos integrantes. Sin lugar a duda en lo que respecta a calidad, nivel art\u00edstico y puesta en escena no tiene nada que envidiar a su hermana mayor. Cuenta con un amplio repertorio dirigido a todos los p\u00fablicos. Lugar: Sal\u00f3n Sociocultural.<\/p>\n<p>02:00 h. Las migas. Para reponer fuerzas y como es tradici\u00f3n se repartir\u00e1n migas extreme\u00f1as para todos los asistentes.<br \/>\nLugar: Sal\u00f3n Sociocultural.<\/p>\n<p><span style=\"color: #ff6600;\"><strong>JUEVES 17 DE ENERO<\/strong><\/span><br \/>\n12:30 h. Misa solemne concelebrada por el P\u00e1rroco Don Pavel L\u00f3pez Jara, los Sacerdotes del pueblo Don Antonio David Santos Fern\u00e1ndez y Don David Calder\u00f3n Carmona, y los Sacerdotes de la zona, cantada por el Coro Parroquial.<\/p>\n<p>Al finalizar la misa, <strong>subida de nuestro Santo Patr\u00f3n<\/strong>, San Ant\u00f3n Abad, en procesi\u00f3n a su Ermita, precedida de caballos y jinetes engalanados con el traje t\u00edpico sanantonero y la participaci\u00f3n de la Banda Municipal de M\u00fasica.<br \/>\nLugar: Parroquia Santa Catalina de Alejandr\u00eda.<\/p>\n<p>Al finalizar la Procesi\u00f3n se ofrecer\u00e1 el tradicional Refresco de Cofrades. Se recuerda que ser\u00e1 imprescindible para la entrada al mismo, la presentaci\u00f3n de la invitaci\u00f3n.<br \/>\nLugar: Sal\u00f3n Sociocultural.<\/p>\n<p>22:30 h. Apertura de puertas<br \/>\n23:30 h. CONCIERTO DIVAN DU DON:<br \/>\nMiguel Vivas, Jorge Solana, Antonio Rumbakey, Lupela Perlay Carlos Jerez, provenientes de EL Desv\u00e1n del Duende, se unieron al jerezano Paquillo levita para formar un grupo curtido con m\u00e1s de700 conciertos a sus espaldas en marcos de renombre como Vi\u00f1a Rock, Arenal Sound, En Vivo o Extrem\u00fasika. Son mezcla, fusi\u00f3n, el mundo de la calle y el mundo real, el imaginario, el delirante&#8230; Div\u00e1n du Don es la raz\u00f3n de nuestros sue\u00f1os, una quim\u00e9rica empresa. Sus mayores influencias musicales son Los Delincuentes, La Cabra Mec\u00e1nica, M\u00e1rtires del Comp\u00e1s, Joaqu\u00edn Sabina, Los Rodr\u00edguez, Manu Chao, Manolo Garc\u00eda, Bersuit Vergarabat, Camar\u00f3n y muchos otros.<br \/>\nLugar: Sal\u00f3n Sociocultural.<\/p>\n<p><span style=\"color: #ff6600;\"><strong>VIERNES 18 DE ENERO<\/strong><\/span><br \/>\n12:00 h. Celebraci\u00f3n del XX Certamen Regional de Cata de aceite de oliva virgen \u201cSan Ant\u00f3n 2019\u201d, en el que se desvelar\u00e1n los aceites ganadores, con el patrocinio de Caja Rural de Extremadura.<br \/>\nLugar: Hotel Las Dehesas.<\/p>\n<p>22:30 Apertura de puertas.<br \/>\n23:30 CONCIERTO TRIBOO POP:<\/p>\n<p>Es una banda de versiones formada hace 14 a\u00f1os que hace un recorrido por lo mejor del pop y rock tanto espa\u00f1ol como internacional en un espect\u00e1culo donde la improvisaci\u00f3n y la calidad musical y vocal destacan notablemente. Es de destacar la figura de su cantante Edu Font, un showman de car\u00e1cter irreverente, que realiza un aut\u00e9ntico show en el que hace participar continuamente al p\u00fablico con una gran calidad y diversi\u00f3n a raudales. Por la banda han pasado m\u00fasicos de renombre como Oliver Mart\u00edn, Carlos Calzada, Cesar U\u00f1a, Kike Fuentes, Guillermo Tito, Jean Luis Barrag\u00e1n, Alberto Zapata, Mike Claros, Viti Il\u00e1rraza, Iv\u00e1n Mella, Daniel Serrano&#8230; que<br \/>\nactualmente militan en bandas conocidas de toda Espa\u00f1a como Vega, Sergio Dalma, Mal\u00fa, Modestia Aparte, La Guardia y otros.<br \/>\nLugar: Sal\u00f3n Sociocultural.<\/p>\n<p><strong><span style=\"color: #ff6600;\">S\u00c1BADO 19 DE ENERO<\/span><\/strong><\/p>\n<p>11:00 h Cuca\u00f1as infantiles. Habr\u00e1 una gran carrera de cintas en bicicleta con premios para todos ciclistas con m\u00e1s precisi\u00f3n. IMPORTANTE: Cada ni\u00f1o\/a que quiera participar en dicha carrera de cintas deber\u00e1 traer su bicicleta.<br \/>\nLugar: Plaza de Extremadura.<\/p>\n<p>12:00 h Castillos hinchables para los sanantoneros m\u00e1s peque\u00f1os.<br \/>\nLugar: Plaza de Extremadura.<\/p>\n<p>13:30 h Tradicional carrera de cintas y gran yincana de caballos. Durante estos actos se montar\u00e1 una barra al servicio de los asistentes.<br \/>\nLugar: Antiguo Recinto Ferial.<\/p>\n<p>23:30 h Concierto de LA CUERDA FLOJA:<br \/>\nLa Cuerda Floja es mestizaje musical (Rumba, Reggae, Cumbia,&#8230;) y humano (G. Canaria, Vigo, Valladolid, Badajoz y EEUU). La banda destaca por la energ\u00eda y el buen rollo de sus conciertos, con espacios para sus temas propios y versiones. Actualmente presentan sus temas \u201cCumbia sin modales\u201d y \u201cNo cuento\u201d grabados en Enero de 2019 bajo la producci\u00f3n de Pablo Sciuto en Casa Sonora.<br \/>\nLugar: Sal\u00f3n Sociocultural.<\/p>\n<p><strong>DOMINGO 20 DE ENERO<\/strong><br \/>\n22:30 Apertura de puertas<br \/>\n23:30 CONCIERTO NATALIA \u201dLA PELE\u00d1A\u201d<br \/>\nComo no pod\u00eda ser de otra forma en el d\u00eda que todos los a\u00f1os nuestra cofrad\u00eda dedica a la copla, este a\u00f1o aprovechando que disfrutamos en nuestra localidad de una peque\u00f1a gran artista, nos deleitar\u00e1 con su voz Natalia \u201cla Pele\u00f1a\u201d. A pesar de su corta trayectoria en el mundo de la m\u00fasica, Natalia ya fue ganadora del concurso Extrevisi\u00f3n en canal Extremadura y tambi\u00e9n fue concursante de la Voz Kids. Le acompa\u00f1a a la guitarra Diego de Paula y a la percusi\u00f3n Alberto \u201dArenita\u201d.<br \/>\nLugar: Sal\u00f3n Sociocultural.<\/p>\n<p><strong>S\u00c1BADO 9 DE FEBRERO<\/strong><br \/>\n13:00 h. Frite de colaboradores de San Ant\u00f3n, al cual quedan invitadas todas aquellas personas que hayan participado de manera desinteresada en el desarrollo de las fiestas (cuadrillas de recogida de le\u00f1a, repartidores de vino en casas y remolques, asociaciones implicadas, corporaci\u00f3n municipal, parroquia,&#8230;)<br \/>\nLugar: Campo de Tiro La Dehesa.<\/p>\n","protected":false},"excerpt":{"rendered":"<p>MI\u00c9RCOLES 2 DE ENERO 16:00h. Taller Infantil sobre la Fiesta de San Ant\u00f3n. Para todos los ni\u00f1os de edades hasta 12 a\u00f1os, podr\u00e1n disfrutar tarde realizando murales, madro\u00f1os, caballos sanantoneros y elaborando gorros. Al finalizar habr\u00e1 chucher\u00edas para todos. Contaremos <span class=\"excerpt-dots\">&hellip;<\/span> <a class=\"more-link\" href=\"https:\/\/www.laencamisa.es\/inicio\/la-fiesta\/programas-de-fiesta\/programa-de-fiesta-2019\/\"><span class=\"more-msg\">Sigue leyendo &rarr;<\/span><\/a><\/p>\n","protected":false},"author":1,"featured_media":0,"parent":418,"menu_order":0,"comment_status":"closed","ping_status":"closed","template":"","meta":{"ngg_post_thumbnail":0,"_links_to":"","_links_to_target":""},"_links":{"self":[{"href":"https:\/\/www.laencamisa.es\/inicio\/wp-json\/wp\/v2\/pages\/1933"}],"collection":[{"href":"https:\/\/www.laencamisa.es\/inicio\/wp-json\/wp\/v2\/pages"}],"about":[{"href":"https:\/\/www.laencamisa.es\/inicio\/wp-json\/wp\/v2\/types\/page"}],"author":[{"embeddable":true,"href":"https:\/\/www.laencamisa.es\/inicio\/wp-json\/wp\/v2\/users\/1"}],"replies":[{"embeddable":true,"href":"https:\/\/www.laencamisa.es\/inicio\/wp-json\/wp\/v2\/comments?post=1933"}],"version-history":[{"count":2,"href":"https:\/\/www.laencamisa.es\/inicio\/wp-json\/wp\/v2\/pages\/1933\/revisions"}],"predecessor-version":[{"id":1936,"href":"https:\/\/www.laencamisa.es\/inicio\/wp-json\/wp\/v2\/pages\/1933\/revisions\/1936"}],"up":[{"embeddable":true,"href":"https:\/\/www.laencamisa.es\/inicio\/wp-json\/wp\/v2\/pages\/418"}],"wp:attachment":[{"href":"https:\/\/www.laencamisa.es\/inicio\/wp-json\/wp\/v2\/media?parent=1933"}],"curies":[{"name":"wp","href":"https:\/\/api.w.org\/{rel}","templated":true}]}}