{"id":1481,"date":"2015-12-30T18:39:20","date_gmt":"2015-12-30T18:39:20","guid":{"rendered":"http:\/\/www.laencamisa.es\/inicio\/?page_id=1481"},"modified":"2022-04-16T07:08:41","modified_gmt":"2022-04-16T07:08:41","slug":"saludas-2016","status":"publish","type":"page","link":"https:\/\/www.laencamisa.es\/inicio\/la-fiesta\/saludas\/saludas-2016\/","title":{"rendered":"Saludas 2016"},"content":{"rendered":"<p><strong>SALUDA DE LA DIRECTIVA 2016<\/strong><\/p>\n<p>PELE\u00d1OS, FORASTEROS, SANANTONEROS<\/p>\n<p>Otro a\u00f1o m\u00e1s, con Enero se vuelve a acercar esa fecha tan se\u00f1alada que ning\u00fan pele\u00f1o puede olvidar, en honor a San Ant\u00f3n, el patr\u00f3n de la localidad.<\/p>\n<p><a href=\"https:\/\/www.laencamisa.es\/inicio\/wp-content\/uploads\/2015\/12\/Directiva-ACSA-2016.jpg\"><img loading=\"lazy\" class=\"alignleft size-medium wp-image-1482\" alt=\"Directiva ACSA 2016\" src=\"https:\/\/www.laencamisa.es\/inicio\/wp-content\/uploads\/2015\/12\/Directiva-ACSA-2016-300x151.jpg\" width=\"328\" height=\"166\" srcset=\"https:\/\/www.laencamisa.es\/inicio\/wp-content\/uploads\/2015\/12\/Directiva-ACSA-2016-300x151.jpg 300w, https:\/\/www.laencamisa.es\/inicio\/wp-content\/uploads\/2015\/12\/Directiva-ACSA-2016-1024x515.jpg 1024w, https:\/\/www.laencamisa.es\/inicio\/wp-content\/uploads\/2015\/12\/Directiva-ACSA-2016-500x251.jpg 500w, https:\/\/www.laencamisa.es\/inicio\/wp-content\/uploads\/2015\/12\/Directiva-ACSA-2016.jpg 1436w\" sizes=\"(max-width: 328px) 100vw, 328px\" \/><\/a>A\u00f1o significativo en el cual celebramos el 30 Aniversario de la proclamaci\u00f3n de nuestra fiesta de \u201cInter\u00e9s Tur\u00edstico Regional\u201d, por la cual somos distinguidos a nivel cultural.<\/p>\n<p>Esta directiva, escasa de personal pero con una ilusi\u00f3n grande y realizando un trabajo laborioso, siempre con la ayuda de aquellas personas (mayordomos, antiguas directivas, cofrades, establecimientos\u2026) que desinteresadamente colaboran porque todo salga lo mejor posible y a las cuales agradecemos grandiosamente su labor, ha conseguido elaborar un programa de fiestas que espera sea del agrado de todos, y que ser\u00e1 recompensado para nosotros, al veros desde el balc\u00f3n del ayuntamiento, antes de ese preg\u00f3n, que llevar\u00e1 al \u00e9xtasis de las masas al sonar la gran explosi\u00f3n.<\/p>\n<p>Nuestras fiestas hablan de nosotros y nos identifican con una tradici\u00f3n cultural, que para todos \u201clos pele\u00f1os\u201d constituyen una forma de vida, identificada el d\u00eda 16 de enero y la cual se nos caracteriza con una hospitalidad y un trato generoso con todo aquel que nos acompa\u00f1a.<\/p>\n<p>No queremos terminar este saluda sin hacer menci\u00f3n a los que no nos podr\u00e1n acompa\u00f1ar, aquellos conocidos y familiares que por problemas econ\u00f3micos, personales o de trabajo no estar\u00e1n. Tambi\u00e9n, a aquellos a los que les gustar\u00eda estar pero se los llevo el destino por injusto que pueda resultar.<\/p>\n<p>Para finalizar, recordar que nada de esto podr\u00eda ser realidad, sin una directiva que pueda programar estos acontecimientos, por tanto animaros a todos a vivir una experiencia incomparable, en la que pod\u00e1is sentiros orgullosos al ver la alegr\u00eda y satisfacci\u00f3n en las caras de vuestros paisanos.<\/p>\n<p>Sin m\u00e1s, la directiva de San Ant\u00f3n Abad les desea Felices Fiestas.<\/p>\n<p><strong>Saluda del Alcalde<\/strong><\/p>\n<p><a href=\"https:\/\/www.laencamisa.es\/inicio\/wp-content\/uploads\/2015\/12\/alcalde.jpg\"><img loading=\"lazy\" class=\"alignleft size-medium wp-image-1483\" alt=\"Francisco Javier Fern\u00e1ndez Cano\" src=\"https:\/\/www.laencamisa.es\/inicio\/wp-content\/uploads\/2015\/12\/alcalde-245x300.jpg\" width=\"224\" height=\"274\" srcset=\"https:\/\/www.laencamisa.es\/inicio\/wp-content\/uploads\/2015\/12\/alcalde-245x300.jpg 245w, https:\/\/www.laencamisa.es\/inicio\/wp-content\/uploads\/2015\/12\/alcalde.jpg 737w\" sizes=\"(max-width: 224px) 100vw, 224px\" \/><\/a>Estimados vecinos, como pod\u00e9is imaginar es un motivo de orgullo para cualquier pele\u00f1o que desde ni\u00f1o ha crecido viendo \u201cLa Encamis\u00e1\u201d poder felicitaros las Fiestas de nuestro Santo Patr\u00f3n San Ant\u00f3n Abad y en mi caso poder hacerlo por primera vez como Alcalde.<\/p>\n<p>En esta ocasi\u00f3n especial en la que se cumple el 30 aniversario de la declaraci\u00f3n de nuestra fiesta como \u201cFiesta de Inter\u00e9s Tur\u00edstico Regional\u201d querr\u00eda reconocer la labor de aquellos pioneros que vieron en la promoci\u00f3n tur\u00edstica otra forma de dar a conocer nuestras tradiciones y lo mejor de nuestro pueblo.<\/p>\n<p>Para cualquier pele\u00f1o promocionar San Ant\u00f3n y ser su mejor embajador es un motivo de orgullo, de ah\u00ed que desde el Ayuntamiento queramos dar a conocer nuestra fiesta en todas las instituciones y estamentos para que obtenga el reconocimiento y distinci\u00f3n que sin duda merece.<\/p>\n<p>Quiero tambi\u00e9n reconocer la incansable labor de la Directiva de la Cofrad\u00eda de San Ant\u00f3n que junto con muchos colaboradores y vecinos lleva semanas trabajando en los preparativos, para que todo luzca como la ocasi\u00f3n se merece y que el nombre de nuestro pueblo llegue a lo m\u00e1s alto.<\/p>\n<p>Que la alegr\u00eda inunde nuestras calles, que la devoci\u00f3n a nuestro Santo Patr\u00f3n llene los corazones de todos los sanantoneros, que la hospitalidad de la que hacemos gala los pele\u00f1os llegue a todos y que nuestra voz retumbe como una sola con un fuerte \u00a1\u00a1\u00a1VIVA SAN ANT\u00d3N!!<\/p>\n<p>Deseo que estas fiestas sean vuestra mejor experiencia y os invito a que particip\u00e9is de forma activa en todos los eventos que organiza la Directiva de la Cofrad\u00eda.<\/p>\n<p>Recibid un afectuoso abrazo<\/p>\n<p>Francisco Javier Fern\u00e1ndez Cano<br \/>\nAlcalde-Presidente de Navalvillar de Pela.<\/p>\n","protected":false},"excerpt":{"rendered":"<p>SALUDA DE LA DIRECTIVA 2016 PELE\u00d1OS, FORASTEROS, SANANTONEROS Otro a\u00f1o m\u00e1s, con Enero se vuelve a acercar esa fecha tan se\u00f1alada que ning\u00fan pele\u00f1o puede olvidar, en honor a San Ant\u00f3n, el patr\u00f3n de la localidad. A\u00f1o significativo en el <span class=\"excerpt-dots\">&hellip;<\/span> <a class=\"more-link\" href=\"https:\/\/www.laencamisa.es\/inicio\/la-fiesta\/saludas\/saludas-2016\/\"><span class=\"more-msg\">Sigue leyendo &rarr;<\/span><\/a><\/p>\n","protected":false},"author":1,"featured_media":0,"parent":952,"menu_order":0,"comment_status":"closed","ping_status":"closed","template":"","meta":{"ngg_post_thumbnail":0,"_links_to":"","_links_to_target":""},"_links":{"self":[{"href":"https:\/\/www.laencamisa.es\/inicio\/wp-json\/wp\/v2\/pages\/1481"}],"collection":[{"href":"https:\/\/www.laencamisa.es\/inicio\/wp-json\/wp\/v2\/pages"}],"about":[{"href":"https:\/\/www.laencamisa.es\/inicio\/wp-json\/wp\/v2\/types\/page"}],"author":[{"embeddable":true,"href":"https:\/\/www.laencamisa.es\/inicio\/wp-json\/wp\/v2\/users\/1"}],"replies":[{"embeddable":true,"href":"https:\/\/www.laencamisa.es\/inicio\/wp-json\/wp\/v2\/comments?post=1481"}],"version-history":[{"count":2,"href":"https:\/\/www.laencamisa.es\/inicio\/wp-json\/wp\/v2\/pages\/1481\/revisions"}],"predecessor-version":[{"id":2610,"href":"https:\/\/www.laencamisa.es\/inicio\/wp-json\/wp\/v2\/pages\/1481\/revisions\/2610"}],"up":[{"embeddable":true,"href":"https:\/\/www.laencamisa.es\/inicio\/wp-json\/wp\/v2\/pages\/952"}],"wp:attachment":[{"href":"https:\/\/www.laencamisa.es\/inicio\/wp-json\/wp\/v2\/media?parent=1481"}],"curies":[{"name":"wp","href":"https:\/\/api.w.org\/{rel}","templated":true}]}}